{"id":15,"date":"2024-03-23T04:03:21","date_gmt":"2024-03-23T04:03:21","guid":{"rendered":"https:\/\/jrservicios.cl\/?page_id=15"},"modified":"2024-03-26T02:26:33","modified_gmt":"2024-03-26T02:26:33","slug":"quienes-somos","status":"publish","type":"page","link":"https:\/\/jrservicios.cl\/index.php\/quienes-somos\/","title":{"rendered":"QUIENES SOMOS"},"content":{"rendered":"\n<p><\/p>\n\n\n\n<div class=\"wp-block-cover alignfull\" style=\"min-height:518px;aspect-ratio:unset;\"><span aria-hidden=\"true\" class=\"wp-block-cover__background has-nv-dark-bg-background-color has-background-dim\"><\/span><img loading=\"lazy\" decoding=\"async\" width=\"1920\" height=\"1080\" class=\"wp-block-cover__image-background wp-image-419\" alt=\"\" src=\"https:\/\/jrservicios.cl\/wp-content\/uploads\/2024\/03\/5.png\" data-object-fit=\"cover\" srcset=\"https:\/\/jrservicios.cl\/wp-content\/uploads\/2024\/03\/5.png 1920w, https:\/\/jrservicios.cl\/wp-content\/uploads\/2024\/03\/5-300x169.png 300w, https:\/\/jrservicios.cl\/wp-content\/uploads\/2024\/03\/5-1024x576.png 1024w, https:\/\/jrservicios.cl\/wp-content\/uploads\/2024\/03\/5-768x432.png 768w, https:\/\/jrservicios.cl\/wp-content\/uploads\/2024\/03\/5-1536x864.png 1536w\" sizes=\"auto, (max-width: 1920px) 100vw, 1920px\" \/><div class=\"wp-block-cover__inner-container is-layout-flow wp-block-cover-is-layout-flow\">\n<h1 class=\"wp-block-heading has-text-align-center has-nv-text-dark-bg-color has-text-color\">quienes somos<\/h1>\n\n\n\n<p class=\"has-text-align-center has-nv-text-dark-bg-color has-text-color\">\u00abSomos una empresa de contabilidad en Rancagua comprometida con el \u00e9xito financiero de nuestros clientes. Con un equipo de expertos contadores, brindamos servicios integrales de contabilidad, asesor\u00eda fiscal y financiera para empresas y particulares en la regi\u00f3n. Nuestro enfoque se centra en la transparencia, la precisi\u00f3n y el cumplimiento normativo, buscando siempre optimizar la gesti\u00f3n econ\u00f3mica de nuestros clientes y contribuir a su crecimiento y estabilidad en un entorno cambiante.\u00bb<\/p>\n<\/div><\/div>\n\n\n\n<div style=\"height:80px\" aria-hidden=\"true\" class=\"wp-block-spacer\"><\/div>\n\n\n\n<div class=\"wp-block-columns is-layout-flex wp-container-core-columns-is-layout-9d6595d7 wp-block-columns-is-layout-flex\">\n<div class=\"wp-block-column is-layout-flow wp-block-column-is-layout-flow\">\n<h2 class=\"wp-block-heading has-text-align-center\">Misi\u00f3n<\/h2>\n<\/div>\n\n\n\n<div class=\"wp-block-column is-layout-flow wp-block-column-is-layout-flow\">\n<p class=\"has-text-align-center\">\u00abBrindar servicios contables integrales y de calidad, comprometidos con la transparencia, la confiabilidad y el cumplimiento de las normativas vigentes, para apoyar el crecimiento y la estabilidad financiera de nuestros clientes en la regi\u00f3n de Rancagua y sus alrededores.\u00bb<\/p>\n<\/div>\n<\/div>\n\n\n\n<div style=\"height:80px\" aria-hidden=\"true\" class=\"wp-block-spacer\"><\/div>\n\n\n\n<div class=\"wp-block-cover alignfull is-light\" style=\"min-height:200px;aspect-ratio:unset;\"><span aria-hidden=\"true\" class=\"wp-block-cover__background has-nv-light-bg-background-color has-background-dim-100 has-background-dim\"><\/span><div class=\"wp-block-cover__inner-container is-layout-flow wp-block-cover-is-layout-flow\">\n<div style=\"height:80px\" aria-hidden=\"true\" class=\"wp-block-spacer\"><\/div>\n\n\n\n<div class=\"wp-block-columns is-layout-flex wp-container-core-columns-is-layout-9d6595d7 wp-block-columns-is-layout-flex\">\n<div class=\"wp-block-column is-vertically-aligned-center is-layout-flow wp-block-column-is-layout-flow\">\n<figure class=\"wp-block-image size-large\"><img loading=\"lazy\" decoding=\"async\" width=\"1024\" height=\"576\" src=\"https:\/\/jrservicios.cl\/wp-content\/uploads\/2024\/03\/Diseno-sin-titulo-7-1024x576.png\" alt=\"\" class=\"wp-image-479\" srcset=\"https:\/\/jrservicios.cl\/wp-content\/uploads\/2024\/03\/Diseno-sin-titulo-7-1024x576.png 1024w, https:\/\/jrservicios.cl\/wp-content\/uploads\/2024\/03\/Diseno-sin-titulo-7-300x169.png 300w, https:\/\/jrservicios.cl\/wp-content\/uploads\/2024\/03\/Diseno-sin-titulo-7-768x432.png 768w, https:\/\/jrservicios.cl\/wp-content\/uploads\/2024\/03\/Diseno-sin-titulo-7-1536x864.png 1536w, https:\/\/jrservicios.cl\/wp-content\/uploads\/2024\/03\/Diseno-sin-titulo-7.png 1920w\" sizes=\"auto, (max-width: 1024px) 100vw, 1024px\" \/><\/figure>\n<\/div>\n\n\n\n<div class=\"wp-block-column is-vertically-aligned-center is-layout-flow wp-block-column-is-layout-flow\">\n<h2 class=\"wp-block-heading has-text-align-center has-neve-text-color-color has-text-color\">Visi\u00f3n<\/h2>\n\n\n\n<p class=\"has-text-align-center has-neve-text-color-color has-text-color\">\u00abConvertirnos en el referente l\u00edder en servicios contables en la regi\u00f3n de Rancagua, reconocidos por nuestra excelencia, innovaci\u00f3n y compromiso con el \u00e9xito financiero de nuestros clientes. Aspiramos a ser la primera elecci\u00f3n para empresas y particulares que buscan soluciones contables confiables y personalizadas que impulsen su crecimiento y desarrollo econ\u00f3mico en un entorno cambiante.\u00bb<\/p>\n<\/div>\n<\/div>\n\n\n\n<div style=\"height:50px\" aria-hidden=\"true\" class=\"wp-block-spacer\"><\/div>\n<\/div><\/div>\n\n\n\n<div class=\"wp-block-cover alignfull is-light\" style=\"min-height:200px;aspect-ratio:unset;\"><span aria-hidden=\"true\" class=\"wp-block-cover__background has-nv-site-bg-background-color has-background-dim-100 has-background-dim\"><\/span><div class=\"wp-block-cover__inner-container is-layout-flow wp-block-cover-is-layout-flow\">\n<div style=\"height:80px\" aria-hidden=\"true\" class=\"wp-block-spacer\"><\/div>\n\n\n\n<div class=\"wp-block-columns is-layout-flex wp-container-core-columns-is-layout-9d6595d7 wp-block-columns-is-layout-flex\">\n<div class=\"wp-block-column is-vertically-aligned-center is-layout-flow wp-block-column-is-layout-flow\">\n<h2 class=\"wp-block-heading has-text-align-left has-neve-text-color-color has-text-color\">Historia &amp; Trayectoria <\/h2>\n\n\n\n<p class=\"has-text-align-left has-neve-text-color-color has-text-color\">Lorem ipsum dolor sit amet, consectetur adipiscing elit, sed do eiusmod tempor incididunt ut labore et dolore magna aliqua. Ut enim ad minim veniam, quis nostrud exercitation ullamco laboris nisi Lorem ipsum dolor sit amet, consectetur adipiscing elit, sed do eiusmod tempor incididunt ut labore.<\/p>\n<\/div>\n\n\n\n<div class=\"wp-block-column is-vertically-aligned-center is-layout-flow wp-block-column-is-layout-flow\">\n<figure class=\"wp-block-image size-large\"><img loading=\"lazy\" decoding=\"async\" width=\"1024\" height=\"576\" src=\"https:\/\/jrservicios.cl\/wp-content\/uploads\/2024\/03\/Diseno-sin-titulo-8-1024x576.png\" alt=\"\" class=\"wp-image-480\" srcset=\"https:\/\/jrservicios.cl\/wp-content\/uploads\/2024\/03\/Diseno-sin-titulo-8-1024x576.png 1024w, https:\/\/jrservicios.cl\/wp-content\/uploads\/2024\/03\/Diseno-sin-titulo-8-300x169.png 300w, https:\/\/jrservicios.cl\/wp-content\/uploads\/2024\/03\/Diseno-sin-titulo-8-768x432.png 768w, https:\/\/jrservicios.cl\/wp-content\/uploads\/2024\/03\/Diseno-sin-titulo-8-1536x864.png 1536w, https:\/\/jrservicios.cl\/wp-content\/uploads\/2024\/03\/Diseno-sin-titulo-8.png 1920w\" sizes=\"auto, (max-width: 1024px) 100vw, 1024px\" \/><\/figure>\n<\/div>\n<\/div>\n\n\n\n<div style=\"height:50px\" aria-hidden=\"true\" class=\"wp-block-spacer\"><\/div>\n<\/div><\/div>\n","protected":false},"excerpt":{"rendered":"<p>Misi\u00f3n \u00abBrindar servicios contables integrales y de calidad, comprometidos con la transparencia, la confiabilidad y el cumplimiento de las normativas vigentes, para apoyar el crecimiento y la estabilidad financiera de nuestros clientes en la regi\u00f3n de Rancagua y sus alrededores.\u00bb<\/p>\n","protected":false},"author":1,"featured_media":0,"parent":0,"menu_order":0,"comment_status":"closed","ping_status":"closed","template":"","meta":{"neve_meta_sidebar":"full-width","neve_meta_container":"contained","neve_meta_enable_content_width":"on","neve_meta_content_width":100,"neve_meta_title_alignment":"","neve_meta_author_avatar":"","neve_post_elements_order":"","neve_meta_disable_header":"","neve_meta_disable_footer":"","neve_meta_disable_title":"on","_themeisle_gutenberg_block_has_review":false,"_ti_tpc_template_sync":false,"_ti_tpc_template_id":"","footnotes":""},"class_list":["post-15","page","type-page","status-publish","hentry"],"_links":{"self":[{"href":"https:\/\/jrservicios.cl\/index.php\/wp-json\/wp\/v2\/pages\/15","targetHints":{"allow":["GET"]}}],"collection":[{"href":"https:\/\/jrservicios.cl\/index.php\/wp-json\/wp\/v2\/pages"}],"about":[{"href":"https:\/\/jrservicios.cl\/index.php\/wp-json\/wp\/v2\/types\/page"}],"author":[{"embeddable":true,"href":"https:\/\/jrservicios.cl\/index.php\/wp-json\/wp\/v2\/users\/1"}],"replies":[{"embeddable":true,"href":"https:\/\/jrservicios.cl\/index.php\/wp-json\/wp\/v2\/comments?post=15"}],"version-history":[{"count":3,"href":"https:\/\/jrservicios.cl\/index.php\/wp-json\/wp\/v2\/pages\/15\/revisions"}],"predecessor-version":[{"id":481,"href":"https:\/\/jrservicios.cl\/index.php\/wp-json\/wp\/v2\/pages\/15\/revisions\/481"}],"wp:attachment":[{"href":"https:\/\/jrservicios.cl\/index.php\/wp-json\/wp\/v2\/media?parent=15"}],"curies":[{"name":"wp","href":"https:\/\/api.w.org\/{rel}","templated":true}]}}